{"id":814,"date":"2021-12-29T12:46:59","date_gmt":"2021-12-29T12:46:59","guid":{"rendered":"https:\/\/medev.es\/?page_id=814"},"modified":"2024-06-05T17:19:18","modified_gmt":"2024-06-05T17:19:18","slug":"zona-clientes-2","status":"publish","type":"page","link":"https:\/\/medev.es\/?page_id=814","title":{"rendered":"Zona clientes"},"content":{"rendered":"\t\t<div data-elementor-type=\"wp-page\" data-elementor-id=\"814\" class=\"elementor elementor-814\">\n\t\t\t\t\t\t<section class=\"elementor-section elementor-top-section elementor-element elementor-element-0cb3c05 elementor-section-boxed elementor-section-height-default elementor-section-height-default\" data-id=\"0cb3c05\" data-element_type=\"section\">\n\t\t\t\t\t\t<div class=\"elementor-container elementor-column-gap-default\">\n\t\t\t\t\t<div class=\"elementor-column elementor-col-33 elementor-top-column elementor-element elementor-element-a5eeed4\" data-id=\"a5eeed4\" data-element_type=\"column\">\n\t\t\t<div class=\"elementor-widget-wrap elementor-element-populated\">\n\t\t\t\t\t\t<div class=\"elementor-element elementor-element-b72bb99 elementor-widget elementor-widget-image\" data-id=\"b72bb99\" data-element_type=\"widget\" data-widget_type=\"image.default\">\n\t\t\t\t<div class=\"elementor-widget-container\">\n\t\t\t\t\t\t\t\t\t\t\t\t\t\t\t<img decoding=\"async\" width=\"297\" height=\"116\" src=\"https:\/\/i0.wp.com\/medev.es\/wp-content\/uploads\/2024\/06\/MeDev-color-text-accepted.png?fit=297%2C116&amp;ssl=1\" class=\"attachment-large size-large wp-image-1892\" alt=\"\" \/>\t\t\t\t\t\t\t\t\t\t\t\t\t\t\t<\/div>\n\t\t\t\t<\/div>\n\t\t\t\t\t<\/div>\n\t\t<\/div>\n\t\t\t\t<div class=\"elementor-column elementor-col-33 elementor-top-column elementor-element elementor-element-d5c4eef\" data-id=\"d5c4eef\" data-element_type=\"column\">\n\t\t\t<div class=\"elementor-widget-wrap elementor-element-populated\">\n\t\t\t\t\t\t<div class=\"elementor-element elementor-element-73f11c9 elementor-absolute elementor-widget__width-initial elementor-widget elementor-widget-text-editor\" data-id=\"73f11c9\" data-element_type=\"widget\" data-settings=\"{&quot;_position&quot;:&quot;absolute&quot;}\" data-widget_type=\"text-editor.default\">\n\t\t\t\t<div class=\"elementor-widget-container\">\n\t\t\t\t\t\t\t\t\t<p>&#8230; <em>make it easy! make it simple!<\/em><\/p>\t\t\t\t\t\t\t\t<\/div>\n\t\t\t\t<\/div>\n\t\t\t\t\t<\/div>\n\t\t<\/div>\n\t\t\t\t<div class=\"elementor-column elementor-col-33 elementor-top-column elementor-element elementor-element-6c931a3\" data-id=\"6c931a3\" data-element_type=\"column\">\n\t\t\t<div class=\"elementor-widget-wrap elementor-element-populated\">\n\t\t\t\t\t\t<div class=\"elementor-element elementor-element-ae38137 elementor-nav-menu--dropdown-mobile elementor-absolute elementor-widget__width-initial elementor-nav-menu__text-align-aside elementor-nav-menu--toggle elementor-nav-menu--burger elementor-widget elementor-widget-nav-menu\" data-id=\"ae38137\" data-element_type=\"widget\" data-settings=\"{&quot;_position&quot;:&quot;absolute&quot;,&quot;layout&quot;:&quot;horizontal&quot;,&quot;submenu_icon&quot;:{&quot;value&quot;:&quot;&lt;i class=\\&quot;fas fa-caret-down\\&quot;&gt;&lt;\\\/i&gt;&quot;,&quot;library&quot;:&quot;fa-solid&quot;},&quot;toggle&quot;:&quot;burger&quot;}\" data-widget_type=\"nav-menu.default\">\n\t\t\t\t<div class=\"elementor-widget-container\">\n\t\t\t\t\t\t\t\t<nav migration_allowed=\"1\" migrated=\"0\" role=\"navigation\" class=\"elementor-nav-menu--main elementor-nav-menu__container elementor-nav-menu--layout-horizontal e--pointer-background e--animation-fade\">\n\t\t\t\t<ul id=\"menu-1-ae38137\" class=\"elementor-nav-menu\"><li class=\"menu-item menu-item-type-post_type menu-item-object-page menu-item-home menu-item-1433\"><a href=\"https:\/\/medev.es\/\" class=\"elementor-item\">Home<\/a><\/li>\n<li class=\"menu-item menu-item-type-custom menu-item-object-custom menu-item-has-children menu-item-1434\"><a href=\"#\" class=\"elementor-item elementor-item-anchor\">Servicios<\/a>\n<ul class=\"sub-menu elementor-nav-menu--dropdown\">\n\t<li class=\"menu-item menu-item-type-custom menu-item-object-custom menu-item-has-children menu-item-1649\"><a href=\"#\" class=\"elementor-sub-item elementor-item-anchor\">Regulatorios<\/a>\n\t<ul class=\"sub-menu elementor-nav-menu--dropdown\">\n\t\t<li class=\"menu-item menu-item-type-custom menu-item-object-custom menu-item-home menu-item-1435\"><a href=\"https:\/\/medev.es\/#tfqms\" class=\"elementor-sub-item elementor-item-anchor\">Technical File &#038; QMS<\/a><\/li>\n\t\t<li class=\"menu-item menu-item-type-custom menu-item-object-custom menu-item-home menu-item-1436\"><a href=\"https:\/\/medev.es\/#iso13485\" class=\"elementor-sub-item elementor-item-anchor\">Certificacion ISO13485<\/a><\/li>\n\t\t<li class=\"menu-item menu-item-type-custom menu-item-object-custom menu-item-home menu-item-1460\"><a href=\"https:\/\/medev.es\/#licencia\" class=\"elementor-sub-item elementor-item-anchor\">Licencia AEMPS<\/a><\/li>\n\t<\/ul>\n<\/li>\n\t<li class=\"menu-item menu-item-type-custom menu-item-object-custom menu-item-has-children menu-item-1464\"><a href=\"#\" class=\"elementor-sub-item elementor-item-anchor\">Procesos<\/a>\n\t<ul class=\"sub-menu elementor-nav-menu--dropdown\">\n\t\t<li class=\"menu-item menu-item-type-custom menu-item-object-custom menu-item-home menu-item-1462\"><a href=\"https:\/\/medev.es\/#proveedores\" class=\"elementor-sub-item elementor-item-anchor\">Auditorias proveedores<\/a><\/li>\n\t\t<li class=\"menu-item menu-item-type-custom menu-item-object-custom menu-item-home menu-item-1461\"><a href=\"https:\/\/medev.es\/#validacion\" class=\"elementor-sub-item elementor-item-anchor\">Validaciones esterilizaci\u00f3n<\/a><\/li>\n\t\t<li class=\"menu-item menu-item-type-custom menu-item-object-custom menu-item-home menu-item-1463\"><a href=\"https:\/\/medev.es\/#industrializacion\" class=\"elementor-sub-item elementor-item-anchor\">Industrializacion<\/a><\/li>\n\t<\/ul>\n<\/li>\n<\/ul>\n<\/li>\n<li class=\"menu-item menu-item-type-custom menu-item-object-custom menu-item-home menu-item-1438\"><a href=\"https:\/\/medev.es\/#noticias\" class=\"elementor-item elementor-item-anchor\">Noticias<\/a><\/li>\n<li class=\"menu-item menu-item-type-post_type menu-item-object-page menu-item-1686\"><a href=\"https:\/\/medev.es\/?page_id=1662\" class=\"elementor-item\">Blog<\/a><\/li>\n<li class=\"menu-item menu-item-type-post_type menu-item-object-page menu-item-1437\"><a href=\"https:\/\/medev.es\/?page_id=814\" class=\"elementor-item\">Zona clientes<\/a><\/li>\n<\/ul>\t\t\t<\/nav>\n\t\t\t\t\t<div class=\"elementor-menu-toggle\" role=\"button\" tabindex=\"0\" aria-label=\"Menu Toggle\" aria-expanded=\"false\">\n\t\t\t<i aria-hidden=\"true\" role=\"presentation\" class=\"elementor-menu-toggle__icon--open eicon-menu-bar\"><\/i><i aria-hidden=\"true\" role=\"presentation\" class=\"elementor-menu-toggle__icon--close eicon-close\"><\/i>\t\t\t<span class=\"elementor-screen-only\">Menu<\/span>\n\t\t<\/div>\n\t\t\t<nav class=\"elementor-nav-menu--dropdown elementor-nav-menu__container\" role=\"navigation\" aria-hidden=\"true\">\n\t\t\t\t<ul id=\"menu-2-ae38137\" class=\"elementor-nav-menu\"><li class=\"menu-item menu-item-type-post_type menu-item-object-page menu-item-home menu-item-1433\"><a href=\"https:\/\/medev.es\/\" class=\"elementor-item\" tabindex=\"-1\">Home<\/a><\/li>\n<li class=\"menu-item menu-item-type-custom menu-item-object-custom menu-item-has-children menu-item-1434\"><a href=\"#\" class=\"elementor-item elementor-item-anchor\" tabindex=\"-1\">Servicios<\/a>\n<ul class=\"sub-menu elementor-nav-menu--dropdown\">\n\t<li class=\"menu-item menu-item-type-custom menu-item-object-custom menu-item-has-children menu-item-1649\"><a href=\"#\" class=\"elementor-sub-item elementor-item-anchor\" tabindex=\"-1\">Regulatorios<\/a>\n\t<ul class=\"sub-menu elementor-nav-menu--dropdown\">\n\t\t<li class=\"menu-item menu-item-type-custom menu-item-object-custom menu-item-home menu-item-1435\"><a href=\"https:\/\/medev.es\/#tfqms\" class=\"elementor-sub-item elementor-item-anchor\" tabindex=\"-1\">Technical File &#038; QMS<\/a><\/li>\n\t\t<li class=\"menu-item menu-item-type-custom menu-item-object-custom menu-item-home menu-item-1436\"><a href=\"https:\/\/medev.es\/#iso13485\" class=\"elementor-sub-item elementor-item-anchor\" tabindex=\"-1\">Certificacion ISO13485<\/a><\/li>\n\t\t<li class=\"menu-item menu-item-type-custom menu-item-object-custom menu-item-home menu-item-1460\"><a href=\"https:\/\/medev.es\/#licencia\" class=\"elementor-sub-item elementor-item-anchor\" tabindex=\"-1\">Licencia AEMPS<\/a><\/li>\n\t<\/ul>\n<\/li>\n\t<li class=\"menu-item menu-item-type-custom menu-item-object-custom menu-item-has-children menu-item-1464\"><a href=\"#\" class=\"elementor-sub-item elementor-item-anchor\" tabindex=\"-1\">Procesos<\/a>\n\t<ul class=\"sub-menu elementor-nav-menu--dropdown\">\n\t\t<li class=\"menu-item menu-item-type-custom menu-item-object-custom menu-item-home menu-item-1462\"><a href=\"https:\/\/medev.es\/#proveedores\" class=\"elementor-sub-item elementor-item-anchor\" tabindex=\"-1\">Auditorias proveedores<\/a><\/li>\n\t\t<li class=\"menu-item menu-item-type-custom menu-item-object-custom menu-item-home menu-item-1461\"><a href=\"https:\/\/medev.es\/#validacion\" class=\"elementor-sub-item elementor-item-anchor\" tabindex=\"-1\">Validaciones esterilizaci\u00f3n<\/a><\/li>\n\t\t<li class=\"menu-item menu-item-type-custom menu-item-object-custom menu-item-home menu-item-1463\"><a href=\"https:\/\/medev.es\/#industrializacion\" class=\"elementor-sub-item elementor-item-anchor\" tabindex=\"-1\">Industrializacion<\/a><\/li>\n\t<\/ul>\n<\/li>\n<\/ul>\n<\/li>\n<li class=\"menu-item menu-item-type-custom menu-item-object-custom menu-item-home menu-item-1438\"><a href=\"https:\/\/medev.es\/#noticias\" class=\"elementor-item elementor-item-anchor\" tabindex=\"-1\">Noticias<\/a><\/li>\n<li class=\"menu-item menu-item-type-post_type menu-item-object-page menu-item-1686\"><a href=\"https:\/\/medev.es\/?page_id=1662\" class=\"elementor-item\" tabindex=\"-1\">Blog<\/a><\/li>\n<li class=\"menu-item menu-item-type-post_type menu-item-object-page menu-item-1437\"><a href=\"https:\/\/medev.es\/?page_id=814\" class=\"elementor-item\" tabindex=\"-1\">Zona clientes<\/a><\/li>\n<\/ul>\t\t\t<\/nav>\n\t\t\t\t\t\t<\/div>\n\t\t\t\t<\/div>\n\t\t\t\t\t<\/div>\n\t\t<\/div>\n\t\t\t\t\t<\/div>\n\t\t<\/section>\n\t\t\t\t<section class=\"elementor-section elementor-top-section elementor-element elementor-element-61f1829 elementor-section-boxed elementor-section-height-default elementor-section-height-default\" data-id=\"61f1829\" data-element_type=\"section\">\n\t\t\t\t\t\t<div class=\"elementor-container elementor-column-gap-default\">\n\t\t\t\t\t<div class=\"elementor-column elementor-col-100 elementor-top-column elementor-element elementor-element-3f3a37e\" data-id=\"3f3a37e\" data-element_type=\"column\">\n\t\t\t<div class=\"elementor-widget-wrap elementor-element-populated\">\n\t\t\t\t\t\t<div class=\"elementor-element elementor-element-df7a5e5 elementor-button-align-center elementor-widget elementor-widget-login\" data-id=\"df7a5e5\" data-element_type=\"widget\" data-widget_type=\"login.default\">\n\t\t\t\t<div class=\"elementor-widget-container\">\n\t\t\t\t\t\t\t<form class=\"elementor-login elementor-form\" method=\"post\" action=\"https:\/\/medev.es\/wp-login.php\">\n\t\t\t<input type=\"hidden\" name=\"redirect_to\" value=\"https:\/\/medev.es\">\n\t\t\t<div class=\"elementor-form-fields-wrapper\">\n\t\t\t\t<div class=\"elementor-field-type-text elementor-field-group elementor-column elementor-col-100 elementor-field-required\">\n\t\t\t\t\t\t\t\t\t\t<input size=\"1\" type=\"text\" name=\"log\" id=\"user\" placeholder=\"Username or Email Address\" class=\"elementor-field elementor-field-textual elementor-size-md\">\n\t\t\t\t<\/div>\n\t\t\t\t<div class=\"elementor-field-type-text elementor-field-group elementor-column elementor-col-100 elementor-field-required\">\n\t\t\t\t\t\t\t\t\t\t<input size=\"1\" type=\"password\" name=\"pwd\" id=\"password\" placeholder=\"Password\" class=\"elementor-field elementor-field-textual elementor-size-md\">\n\t\t\t\t<\/div>\n\n\t\t\t\t\t\t\t\t\t<div class=\"elementor-field-type-checkbox elementor-field-group elementor-column elementor-col-100 elementor-remember-me\">\n\t\t\t\t\t\t<label for=\"elementor-login-remember-me\">\n\t\t\t\t\t\t\t<input type=\"checkbox\" id=\"elementor-login-remember-me\" name=\"rememberme\" value=\"forever\">\n\t\t\t\t\t\t\tRemember Me\t\t\t\t\t\t<\/label>\n\t\t\t\t\t<\/div>\n\t\t\t\t\n\t\t\t\t<div class=\"elementor-field-group elementor-column elementor-field-type-submit elementor-col-100\">\n\t\t\t\t\t<button type=\"submit\" class=\"elementor-size-lg elementor-button\" name=\"wp-submit\">\n\t\t\t\t\t\t\t\t\t\t\t\t\t\t\t<span class=\"elementor-button-text\">Log In<\/span>\n\t\t\t\t\t\t\t\t\t\t\t\t<\/button>\n\t\t\t\t<\/div>\n\n\t\t\t\t\t\t\t\t\t<div class=\"elementor-field-group elementor-column elementor-col-100\">\n\t\t\t\t\t\t\t\t\t\t\t\t\t\t\t\t\t\t\t\t<a class=\"elementor-lost-password\" href=\"https:\/\/medev.es\/wp-login.php?action=lostpassword&redirect_to=https%3A%2F%2Fmedev.es\">\n\t\t\t\t\t\t\t\tLost your password?\t\t\t\t\t\t\t<\/a>\n\t\t\t\t\t\t\n\t\t\t\t\t\t\t\t\t\t\t<\/div>\n\t\t\t\t\t\t\t<\/div>\n\t\t<\/form>\n\t\t\t\t\t\t<\/div>\n\t\t\t\t<\/div>\n\t\t\t\t\t<\/div>\n\t\t<\/div>\n\t\t\t\t\t<\/div>\n\t\t<\/section>\n\t\t\t\t<\/div>\n\t\t","protected":false},"excerpt":{"rendered":"<p>&#8230; make it easy! make it simple!<\/p>\n","protected":false},"author":1,"featured_media":0,"parent":0,"menu_order":0,"comment_status":"closed","ping_status":"closed","template":"elementor_canvas","meta":{"_monsterinsights_skip_tracking":false,"_monsterinsights_sitenote_active":false,"_monsterinsights_sitenote_note":"","_monsterinsights_sitenote_category":0,"footnotes":""},"class_list":["post-814","page","type-page","status-publish","hentry"],"yoast_head":"<!-- This site is optimized with the Yoast SEO plugin v27.3 - https:\/\/yoast.com\/product\/yoast-seo-wordpress\/ -->\n<title>Zona clientes - MeDev<\/title>\n<meta name=\"robots\" content=\"index, follow, max-snippet:-1, max-image-preview:large, max-video-preview:-1\" \/>\n<link rel=\"canonical\" href=\"https:\/\/medev.es\/?page_id=814\" \/>\n<meta property=\"og:locale\" content=\"es_ES\" \/>\n<meta property=\"og:type\" content=\"article\" \/>\n<meta property=\"og:title\" content=\"Zona clientes - MeDev\" \/>\n<meta property=\"og:description\" content=\"&#8230; make it easy! make it simple!\" \/>\n<meta property=\"og:url\" content=\"https:\/\/medev.es\/?page_id=814\" \/>\n<meta property=\"og:site_name\" content=\"MeDev\" \/>\n<meta property=\"article:modified_time\" content=\"2024-06-05T17:19:18+00:00\" \/>\n<meta property=\"og:image\" content=\"https:\/\/medev.es\/wp-content\/uploads\/2024\/06\/MeDev-color-text-accepted.png\" \/>\n<meta name=\"twitter:card\" content=\"summary_large_image\" \/>\n<meta name=\"twitter:label1\" content=\"Tiempo de lectura\" \/>\n\t<meta name=\"twitter:data1\" content=\"1 minuto\" \/>\n<script type=\"application\/ld+json\" class=\"yoast-schema-graph\">{\"@context\":\"https:\\\/\\\/schema.org\",\"@graph\":[{\"@type\":\"WebPage\",\"@id\":\"https:\\\/\\\/medev.es\\\/?page_id=814\",\"url\":\"https:\\\/\\\/medev.es\\\/?page_id=814\",\"name\":\"Zona clientes - MeDev\",\"isPartOf\":{\"@id\":\"https:\\\/\\\/medev.es\\\/#website\"},\"primaryImageOfPage\":{\"@id\":\"https:\\\/\\\/medev.es\\\/?page_id=814#primaryimage\"},\"image\":{\"@id\":\"https:\\\/\\\/medev.es\\\/?page_id=814#primaryimage\"},\"thumbnailUrl\":\"https:\\\/\\\/medev.es\\\/wp-content\\\/uploads\\\/2024\\\/06\\\/MeDev-color-text-accepted.png\",\"datePublished\":\"2021-12-29T12:46:59+00:00\",\"dateModified\":\"2024-06-05T17:19:18+00:00\",\"breadcrumb\":{\"@id\":\"https:\\\/\\\/medev.es\\\/?page_id=814#breadcrumb\"},\"inLanguage\":\"es\",\"potentialAction\":[{\"@type\":\"ReadAction\",\"target\":[\"https:\\\/\\\/medev.es\\\/?page_id=814\"]}]},{\"@type\":\"ImageObject\",\"inLanguage\":\"es\",\"@id\":\"https:\\\/\\\/medev.es\\\/?page_id=814#primaryimage\",\"url\":\"https:\\\/\\\/i0.wp.com\\\/medev.es\\\/wp-content\\\/uploads\\\/2024\\\/06\\\/MeDev-color-text-accepted.png?fit=297%2C116&ssl=1\",\"contentUrl\":\"https:\\\/\\\/i0.wp.com\\\/medev.es\\\/wp-content\\\/uploads\\\/2024\\\/06\\\/MeDev-color-text-accepted.png?fit=297%2C116&ssl=1\",\"width\":297,\"height\":116},{\"@type\":\"BreadcrumbList\",\"@id\":\"https:\\\/\\\/medev.es\\\/?page_id=814#breadcrumb\",\"itemListElement\":[{\"@type\":\"ListItem\",\"position\":1,\"name\":\"Portada\",\"item\":\"https:\\\/\\\/medev.es\\\/\"},{\"@type\":\"ListItem\",\"position\":2,\"name\":\"Zona clientes\"}]},{\"@type\":\"WebSite\",\"@id\":\"https:\\\/\\\/medev.es\\\/#website\",\"url\":\"https:\\\/\\\/medev.es\\\/\",\"name\":\"www.medev.es\",\"description\":\"MEDEV Consulting, proporciona asesoramiento en regulaci\u00f3n, desarrollo e industrializaci\u00f3n de productos m\u00e9dicos.\",\"publisher\":{\"@id\":\"https:\\\/\\\/medev.es\\\/#organization\"},\"potentialAction\":[{\"@type\":\"SearchAction\",\"target\":{\"@type\":\"EntryPoint\",\"urlTemplate\":\"https:\\\/\\\/medev.es\\\/?s={search_term_string}\"},\"query-input\":{\"@type\":\"PropertyValueSpecification\",\"valueRequired\":true,\"valueName\":\"search_term_string\"}}],\"inLanguage\":\"es\"},{\"@type\":\"Organization\",\"@id\":\"https:\\\/\\\/medev.es\\\/#organization\",\"name\":\"MeDev Consulting\",\"url\":\"https:\\\/\\\/medev.es\\\/\",\"logo\":{\"@type\":\"ImageObject\",\"inLanguage\":\"es\",\"@id\":\"https:\\\/\\\/medev.es\\\/#\\\/schema\\\/logo\\\/image\\\/\",\"url\":\"https:\\\/\\\/medev.es\\\/wp-content\\\/uploads\\\/2020\\\/12\\\/MeDev_logo-removebg-preview.png\",\"contentUrl\":\"https:\\\/\\\/medev.es\\\/wp-content\\\/uploads\\\/2020\\\/12\\\/MeDev_logo-removebg-preview.png\",\"width\":209,\"height\":100,\"caption\":\"MeDev Consulting\"},\"image\":{\"@id\":\"https:\\\/\\\/medev.es\\\/#\\\/schema\\\/logo\\\/image\\\/\"},\"sameAs\":[\"https:\\\/\\\/www.linkedin.com\\\/in\\\/miguel-angel-gomez-esteve\\\/\"]}]}<\/script>\n<!-- \/ Yoast SEO plugin. -->","yoast_head_json":{"title":"Zona clientes - MeDev","robots":{"index":"index","follow":"follow","max-snippet":"max-snippet:-1","max-image-preview":"max-image-preview:large","max-video-preview":"max-video-preview:-1"},"canonical":"https:\/\/medev.es\/?page_id=814","og_locale":"es_ES","og_type":"article","og_title":"Zona clientes - MeDev","og_description":"&#8230; make it easy! make it simple!","og_url":"https:\/\/medev.es\/?page_id=814","og_site_name":"MeDev","article_modified_time":"2024-06-05T17:19:18+00:00","og_image":[{"url":"https:\/\/medev.es\/wp-content\/uploads\/2024\/06\/MeDev-color-text-accepted.png","type":"","width":"","height":""}],"twitter_card":"summary_large_image","twitter_misc":{"Tiempo de lectura":"1 minuto"},"schema":{"@context":"https:\/\/schema.org","@graph":[{"@type":"WebPage","@id":"https:\/\/medev.es\/?page_id=814","url":"https:\/\/medev.es\/?page_id=814","name":"Zona clientes - MeDev","isPartOf":{"@id":"https:\/\/medev.es\/#website"},"primaryImageOfPage":{"@id":"https:\/\/medev.es\/?page_id=814#primaryimage"},"image":{"@id":"https:\/\/medev.es\/?page_id=814#primaryimage"},"thumbnailUrl":"https:\/\/medev.es\/wp-content\/uploads\/2024\/06\/MeDev-color-text-accepted.png","datePublished":"2021-12-29T12:46:59+00:00","dateModified":"2024-06-05T17:19:18+00:00","breadcrumb":{"@id":"https:\/\/medev.es\/?page_id=814#breadcrumb"},"inLanguage":"es","potentialAction":[{"@type":"ReadAction","target":["https:\/\/medev.es\/?page_id=814"]}]},{"@type":"ImageObject","inLanguage":"es","@id":"https:\/\/medev.es\/?page_id=814#primaryimage","url":"https:\/\/i0.wp.com\/medev.es\/wp-content\/uploads\/2024\/06\/MeDev-color-text-accepted.png?fit=297%2C116&ssl=1","contentUrl":"https:\/\/i0.wp.com\/medev.es\/wp-content\/uploads\/2024\/06\/MeDev-color-text-accepted.png?fit=297%2C116&ssl=1","width":297,"height":116},{"@type":"BreadcrumbList","@id":"https:\/\/medev.es\/?page_id=814#breadcrumb","itemListElement":[{"@type":"ListItem","position":1,"name":"Portada","item":"https:\/\/medev.es\/"},{"@type":"ListItem","position":2,"name":"Zona clientes"}]},{"@type":"WebSite","@id":"https:\/\/medev.es\/#website","url":"https:\/\/medev.es\/","name":"www.medev.es","description":"MEDEV Consulting, proporciona asesoramiento en regulaci\u00f3n, desarrollo e industrializaci\u00f3n de productos m\u00e9dicos.","publisher":{"@id":"https:\/\/medev.es\/#organization"},"potentialAction":[{"@type":"SearchAction","target":{"@type":"EntryPoint","urlTemplate":"https:\/\/medev.es\/?s={search_term_string}"},"query-input":{"@type":"PropertyValueSpecification","valueRequired":true,"valueName":"search_term_string"}}],"inLanguage":"es"},{"@type":"Organization","@id":"https:\/\/medev.es\/#organization","name":"MeDev Consulting","url":"https:\/\/medev.es\/","logo":{"@type":"ImageObject","inLanguage":"es","@id":"https:\/\/medev.es\/#\/schema\/logo\/image\/","url":"https:\/\/medev.es\/wp-content\/uploads\/2020\/12\/MeDev_logo-removebg-preview.png","contentUrl":"https:\/\/medev.es\/wp-content\/uploads\/2020\/12\/MeDev_logo-removebg-preview.png","width":209,"height":100,"caption":"MeDev Consulting"},"image":{"@id":"https:\/\/medev.es\/#\/schema\/logo\/image\/"},"sameAs":["https:\/\/www.linkedin.com\/in\/miguel-angel-gomez-esteve\/"]}]}},"jetpack-related-posts":[],"jetpack_shortlink":"https:\/\/wp.me\/PcDT00-d8","jetpack_sharing_enabled":true,"_links":{"self":[{"href":"https:\/\/medev.es\/index.php?rest_route=\/wp\/v2\/pages\/814","targetHints":{"allow":["GET"]}}],"collection":[{"href":"https:\/\/medev.es\/index.php?rest_route=\/wp\/v2\/pages"}],"about":[{"href":"https:\/\/medev.es\/index.php?rest_route=\/wp\/v2\/types\/page"}],"author":[{"embeddable":true,"href":"https:\/\/medev.es\/index.php?rest_route=\/wp\/v2\/users\/1"}],"replies":[{"embeddable":true,"href":"https:\/\/medev.es\/index.php?rest_route=%2Fwp%2Fv2%2Fcomments&post=814"}],"version-history":[{"count":37,"href":"https:\/\/medev.es\/index.php?rest_route=\/wp\/v2\/pages\/814\/revisions"}],"predecessor-version":[{"id":1907,"href":"https:\/\/medev.es\/index.php?rest_route=\/wp\/v2\/pages\/814\/revisions\/1907"}],"wp:attachment":[{"href":"https:\/\/medev.es\/index.php?rest_route=%2Fwp%2Fv2%2Fmedia&parent=814"}],"curies":[{"name":"wp","href":"https:\/\/api.w.org\/{rel}","templated":true}]}}